p - i + 20. Let n be (-176)/p*30/6. What is the highest common divisor of 8 and n?
8
Let j(x) = -x**3 - 23*x**2 + 246*x + 35. Let h be j(8). Calculate the greatest common factor of h and 8797.
19
Suppose 17827 = 7*z - 5*k - 2577, -2*z - k + 5820 = 0. What is the greatest common divisor of 273 and z?
91
Suppose -11*x + 628 = -274. Let z = x + -80. What is the greatest common divisor of 5 and z?
1
Suppose -68207 = -124*x + 33192 + 38969. What is the greatest common divisor of x and 12?
4
Let s be 3*65*77/165. Calculate the highest common factor of s and 156.
13
Suppose -366 = -4*j - 270. Suppose 2*b - g = g + j, -4*b + 3*g + 43 = 0. Let i be -2*5*(-28)/5. What is the greatest common factor of b and i?
7
Suppose -3*c + 3797 = 5*m - 6025, m + 2*c - 1963 = 0. Suppose 5*k - 25 = 0, 5*y + m = -5*k + 5675. Calculate the greatest common factor of 67 and y.
67
Let t(k) = -1. Let s(q) = 10*q - 72. Let u(b) = s(b) - 3*t(b). Let z be u(10). Calculate the greatest common factor of 899 and z.
31
Let a(r) be the first derivative of 45*r**2 - 27*r + 281. Let u be a(6). What is the greatest common factor of u and 19?
19
Let a = -221 - -222. Let z be (a + (-26)/10)/((-14)/385). What is the greatest common factor of z and 176?
44
Suppose 0 = 3*d - 4*z - 47, -13 - 12 = 5*z. Let j(l) = -2*l**2 - 19 + 9 - 22 + 26*l. Let b be j(d). What is the highest common factor of b and 40?
40
Let t be (-4)/6*3 + -9. Let g = 0 - t. Let y be (15 - -6) + 14*(-6)/(-84). What is the greatest common factor of g and y?
11
Suppose -2*i + 9006 = -2*f, -17*i = -14*i - 2*f - 13518. Calculate the highest common divisor of i and 144.
48
Suppose 8*g = 86 + 18. Let f be 1940/65 - ((-4)/g)/2. What is the highest common factor of 6 and f?
6
Let p = 136 - 135. Let x be (-921)/(-12) + (4/16)/p. What is the greatest common factor of x and 22?
11
Suppose -7*t = -12*t - 5. Let g be (t/(-1))/(42/1554). What is the highest common divisor of g and 407?
37
Let q = -1275 + 2666. What is the greatest common divisor of 107 and q?
107
Let b be (-9)/6*(24/(-9))/1. Let n be -30*(b + 87/(-15)). What is the highest common factor of 27 and n?
27
Let w = 970 + -617. Suppose w + 991 = 21*y. What is the greatest common factor of y and 4?
4
Suppose -10*r + 15*r + 30 = -5*f, 0 = -4*r + 2*f - 48. Let w be (-70)/(-25)*(-5 - r). Calculate the highest common factor of 224 and w.
14
Suppose -3*s - 18*s - 19*s + 320 = 0. Calculate the highest common factor of s and 8.
8
Let q be (3/(-12))/(4039/(-504) + 8). What is the greatest common divisor of 606 and q?
6
Let l = 7790 - 7740. What is the highest common divisor of l and 225?
25
Let v = -558 + 748. Let a be 29 + 12/6 - (3 + -2). Calculate the highest common factor of v and a.
10
Let d be -2*(-2109)/27 - 4/18. What is the highest common factor of d and 1118?
26
Suppose 3*g = 9, 3*g + 74 = z - 43. Suppose -5*n - 602 + 62 = 0. Let c = -66 - n. What is the highest common factor of z and c?
42
Suppose -39*d = 14*d - 7526 - 17543. What is the greatest common divisor of d and 88?
11
Let c be ((-45)/(-2))/(31/6510). Calculate the greatest common divisor of c and 25.
25
Suppose 4*x - 18 = -10. Suppose -x*d + 26 - 20 = 0. Suppose 0 = d*b - 4*b + 128. What is the greatest common factor of 32 and b?
32
Suppose -16777*b + 5316 = -16803*b + 23334. What is the greatest common divisor of 133 and b?
7
Let x = 3400 + -2590. What is the greatest common divisor of 150 and x?
30
Let r(y) = -y + 5. Suppose -u = -5*n + 3*u - 38, -u + 2 = 0. Let z be r(n). Suppose 21*a - 1286 = -131. Calculate the greatest common divisor of z and a.
11
Suppose -20 = -6*r + r, 2*r - 89 = -3*s. Suppose -s = 13*a - 16*a. Calculate the greatest common factor of a and 333.
9
Let a = -14994 + 18906. What is the greatest common divisor of 1793 and a?
163
Let k be (-1)/(0 - 3/2598). Suppose k = -5*j - 374. Let a = 348 + j. Calculate the highest common divisor of a and 20.
20
Let z(n) = -143*n**3 + n**2 - n - 1. Let d be z(-1). Let r(v) = -376*v + 3778. Let u be r(10). Calculate the highest common divisor of d and u.
18
Suppose -4*t = -10*f + 5*f + 30, f = -t + 6. Suppose r - 657 = -3*m, f*r = 11*r + 4*m - 3285. What is the highest common divisor of 73 and r?
73
Let c(t) = -21*t**3 - 5*t**2 - 21*t - 14. Let a be c(-4). What is the highest common factor of a and 138?
46
Suppose -121 + 20 = -44*c + 75. Calculate the greatest common divisor of 16028 and c.
4
Let z be 846/(-21) - (-44)/154. Let x be 32/z*35/(-2). Calculate the greatest common divisor of x and 35.
7
Let n(o) = 4*o**2 - 57*o + 43. Let t be n(17). Calculate the highest common factor of 130 and t.
10
Let v(r) = -r**3 + 16*r**2 + 9*r - 32. Let h be -2 + 13 + 52/26. Let p be v(h). Calculate the greatest common factor of p and 37.
37
Suppose 37*i - 39*i - s = -65, 185 = 5*i - 5*s. Calculate the highest common divisor of 646 and i.
34
Let z = -12615 - -15191. Calculate the highest common factor of z and 448.
112
Let f(z) = 59*z - 149. Let p be f(5). Calculate the greatest common divisor of p and 1679.
73
Suppose 2*h = -23*q + 19*q + 6058, 3*q + 3*h - 4533 = 0. Calculate the greatest common factor of 460 and q.
46
Suppose 0 = 4*a + 3*w + 376 - 112, -2*w + 307 = -5*a. Let v = a - -66. Let o be (12/(-18))/(v/(-27)). What is the highest common divisor of 10 and o?
2
Suppose -767 + 201 = -96*t + 394. Let v = 81 + -36. What is the highest common divisor of v and t?
5
Suppose z = 3*k - 75, k - 25 = -0*z - 4*z. Suppose 21*s - k*s + 76 = 0. Calculate the greatest common factor of s and 323.
19
Let g = -6071 - -6076. What is the greatest common factor of 175 and g?
5
Let t = -3 + 80. Let d = 131 - t. Let x = 35921 - 35786. What is the highest common factor of x and d?
27
Let t(y) = 101*y - 2. Let a be t(2). Calculate the greatest common factor of a and 32.
8
Let d be (1048 + 1)*-5*2/(-10). Suppose -4*m + 0*w + d = -w, 5*w + 286 = m. Calculate the highest common divisor of m and 29.
29
Suppose 3008 = 112*r - 104*r. What is the greatest common factor of 94 and r?
94
Let k be ((-6)/10)/((-6)/30). Let m(q) = -q. Let n(u) = 2. Let r(j) = k*n(j) + 12*m(j). Let h be r(-8). Calculate the highest common factor of 17 and h.
17
Let f = 5231 + -5217. Calculate the highest common factor of f and 26306.
14
Suppose -76 = -4*g + 4*n, 3*g + 2*n - 25 = -3*n. Let w = g - 2. Calculate the highest common divisor of w and 117.
13
Suppose -3*m = m + 2*m. Suppose -1 + m = r, 0 = i + 5*r - 70. What is the greatest common factor of 3 and i?
3
Let g = -22 - -25. Suppose -1 + 27 = 2*h - 4*s, g*h = -s + 11. Suppose 32 = h*l - 28. What is the greatest common factor of 12 and l?
12
Let u = -14 - -143. Let k(j) = 2*j**3 - 19*j**2 + 46*j - 21. Let f be k(6). Calculate the highest common factor of u and f.
3
Let h = 108 + -97. Suppose w - h + 0 = -2*z, 4*z + 111 = 5*w. Calculate the greatest common factor of w and 171.
19
Let d(p) = 115*p + 9. Let f be d(5). Let h be f/24 - 1/3. Suppose 0 = 4*a - 8*a + 32. What is the greatest common divisor of h and a?
8
Let b(r) = 44*r**2 - 565*r - 565. Let a be b(-1). Calculate the highest common divisor of 11066 and a.
22
Suppose -1323 = 12*k - 65*k - 10*k. Suppose 0 = 2*w - 228 - 10. What is the highest common divisor of k and w?
7
Let k = 2918 - -6694. Calculate the highest common divisor of 36 and k.
36
Let x = -10 - -22. Let t = 22 - x. Let r = 186 - 182. Calculate the highest common divisor of r and t.
2
Let f be 1/(-6)*(-32 + 30) + (-37110)/(-45). What is the greatest common factor of f and 561?
33
Let a(w) = 21*w - 16. Let q be a(1). Let j be 5 - (170*-1 + q - 5). What is the highest common divisor of 25 and j?
25
Let m(x) = 5*x**2 - 38*x - 40. Let y be m(-1). Calculate the highest common divisor of 681 and y.
3
Suppose 91*h + 38*h = 163170 - 17658. Calculate the greatest common divisor of h and 72.
24
Let m(q) = 7*q + 43. Let n = 136 - 128. Suppose -n*a - 20 = -68. Let o be m(a). What is the highest common divisor of 17 and o?
17
Let t(p) = -p**2 + 47*p + 348. Let j be t(23). Calculate the highest common factor of j and 8.
4
Let p(t) = -4*t + 144. Let w be p(35). Let f be 10*(7 + (7 - w)). Calculate the highest common divisor of 60 and f.
20
Suppose -93*x + 29*x = -49*x - 240. Let n be 2/7 - (-396)/(-63). Let t be 7/3 + 2/n. Calculate the greatest common facto